{"id":14869,"date":"2014-05-20T07:51:11","date_gmt":"2014-05-20T07:51:11","guid":{"rendered":"http:\/\/demo.qodeinteractive.com\/bridge72\/?page_id=14869"},"modified":"2025-12-02T15:47:12","modified_gmt":"2025-12-02T14:47:12","slug":"home","status":"publish","type":"page","link":"https:\/\/nyonmusique.ch\/site\/","title":{"rendered":"Accueil"},"content":{"rendered":"\t\t<div data-elementor-type=\"wp-page\" data-elementor-id=\"14869\" class=\"elementor elementor-14869\">\n\t\t\t\t<div class=\"elementor-element elementor-element-6417e47 e-flex e-con-boxed parallax_section_no qode_elementor_container_no e-con e-parent\" data-id=\"6417e47\" data-element_type=\"container\" data-e-type=\"container\">\n\t\t\t\t\t<div class=\"e-con-inner\">\n\t\t<div class=\"elementor-element elementor-element-b1fe101 e-con-full e-flex parallax_section_no qode_elementor_container_no e-con e-child\" data-id=\"b1fe101\" data-element_type=\"container\" data-e-type=\"container\">\n\t\t\t\t<div class=\"elementor-element elementor-element-b62062c elementor-widget elementor-widget-image\" data-id=\"b62062c\" data-element_type=\"widget\" data-e-type=\"widget\" data-widget_type=\"image.default\">\n\t\t\t\t<div class=\"elementor-widget-container\">\n\t\t\t\t\t\t\t\t\t\t\t\t\t\t\t<img fetchpriority=\"high\" decoding=\"async\" width=\"1060\" height=\"910\" src=\"https:\/\/nyonmusique.ch\/site\/wp-content\/uploads\/2025\/12\/affiche_logo_inscriptions_2026.png\" class=\"attachment-large size-large wp-image-20592\" alt=\"\" srcset=\"https:\/\/nyonmusique.ch\/site\/wp-content\/uploads\/2025\/12\/affiche_logo_inscriptions_2026.png 1080w, https:\/\/nyonmusique.ch\/site\/wp-content\/uploads\/2025\/12\/affiche_logo_inscriptions_2026-300x258.png 300w, https:\/\/nyonmusique.ch\/site\/wp-content\/uploads\/2025\/12\/affiche_logo_inscriptions_2026-768x659.png 768w, https:\/\/nyonmusique.ch\/site\/wp-content\/uploads\/2025\/12\/affiche_logo_inscriptions_2026-700x601.png 700w, https:\/\/nyonmusique.ch\/site\/wp-content\/uploads\/2025\/12\/affiche_logo_inscriptions_2026-600x515.png 600w\" sizes=\"(max-width: 1060px) 100vw, 1060px\" \/>\t\t\t\t\t\t\t\t\t\t\t\t\t\t\t<\/div>\n\t\t\t\t<\/div>\n\t\t\t\t<div class=\"elementor-element elementor-element-b3d9c76 elementor-widget elementor-widget-spacer\" data-id=\"b3d9c76\" data-element_type=\"widget\" data-e-type=\"widget\" data-widget_type=\"spacer.default\">\n\t\t\t\t<div class=\"elementor-widget-container\">\n\t\t\t\t\t\t\t<div class=\"elementor-spacer\">\n\t\t\t<div class=\"elementor-spacer-inner\"><\/div>\n\t\t<\/div>\n\t\t\t\t\t\t<\/div>\n\t\t\t\t<\/div>\n\t\t\t\t<div class=\"elementor-element elementor-element-a321bcb elementor-widget elementor-widget-heading\" data-id=\"a321bcb\" data-element_type=\"widget\" data-e-type=\"widget\" data-widget_type=\"heading.default\">\n\t\t\t\t<div class=\"elementor-widget-container\">\n\t\t\t\t\t<h2 class=\"elementor-heading-title elementor-size-default\">BIENVENUE !<\/h2>\t\t\t\t<\/div>\n\t\t\t\t<\/div>\n\t\t\t\t<div class=\"elementor-element elementor-element-cbd8691 elementor-widget elementor-widget-spacer\" data-id=\"cbd8691\" data-element_type=\"widget\" data-e-type=\"widget\" data-widget_type=\"spacer.default\">\n\t\t\t\t<div class=\"elementor-widget-container\">\n\t\t\t\t\t\t\t<div class=\"elementor-spacer\">\n\t\t\t<div class=\"elementor-spacer-inner\"><\/div>\n\t\t<\/div>\n\t\t\t\t\t\t<\/div>\n\t\t\t\t<\/div>\n\t\t\t\t<div class=\"elementor-element elementor-element-3d090a7 elementor-widget elementor-widget-bridge_countdown\" data-id=\"3d090a7\" data-element_type=\"widget\" data-e-type=\"widget\" data-widget_type=\"bridge_countdown.default\">\n\t\t\t\t<div class=\"elementor-widget-container\">\n\t\t\t\t\t<div class='countdown hide_separator' id='countdown9149'  data-year = 2026 data-month = 6 data-day = 20 data-hour = 10 data-minute = 0 data-monthsLabel = mois data-daysLabel = jours data-hoursLabel = heures data-minutesLabel = minutes data-secondsLabel = Seconds data-monthLabel = Month data-dayLabel = Day data-hourLabel = Hour data-minuteLabel = Minute data-secondLabel = Second data-tickf = setCountdownStyle9149 data-timezone = 2><\/div>\t\t\t\t<\/div>\n\t\t\t\t<\/div>\n\t\t\t\t<div class=\"elementor-element elementor-element-75ffeff elementor-widget elementor-widget-spacer\" data-id=\"75ffeff\" data-element_type=\"widget\" data-e-type=\"widget\" data-widget_type=\"spacer.default\">\n\t\t\t\t<div class=\"elementor-widget-container\">\n\t\t\t\t\t\t\t<div class=\"elementor-spacer\">\n\t\t\t<div class=\"elementor-spacer-inner\"><\/div>\n\t\t<\/div>\n\t\t\t\t\t\t<\/div>\n\t\t\t\t<\/div>\n\t\t\t\t<div class=\"elementor-element elementor-element-3027ccf elementor-widget elementor-widget-text-editor\" data-id=\"3027ccf\" data-element_type=\"widget\" data-e-type=\"widget\" data-widget_type=\"text-editor.default\">\n\t\t\t\t<div class=\"elementor-widget-container\">\n\t\t\t\t\t\t\t\t\t<p style=\"text-align: left;\">&#8230; avant le d\u00e9but de la f\u00eate!<\/p><p>La F\u00eate de la Musique de Nyon aura lieu le samedi 20 juin 2026, et nous pr\u00e9parons une \u00e9dition riche, vari\u00e9e et ouverte \u00e0 toutes les sc\u00e8nes musicales.<\/p><p style=\"text-align: left;\">Les musiciennes et musiciens souhaitant se produire pour cette \u00e9dition peuvent d\u00e8s maintenant s\u2019inscrire en ligne en remplissant le formulaire d\u00e9di\u00e9.<\/p><p style=\"text-align: left;\">Toutes les candidatures seront \u00e9tudi\u00e9es par notre comit\u00e9 de programmation, qui contactera directement les artistes dans les meilleurs d\u00e9lais.<\/p><p style=\"text-align: left;\">Fin des inscriptions : <b>15 f\u00e9vrier 2026<\/b><\/p><p style=\"text-align: left;\">Que vous soyez un groupe confirm\u00e9, un projet solo, un ensemble ou une jeune formation en pleine d\u00e9couverte de sc\u00e8ne : vous \u00eates les bienvenus !<\/p><p style=\"text-align: left;\">Rejoignez l\u2019aventure : inscrivez-vous et faites vibrer Nyon le 20 juin 2026 !<\/p>\t\t\t\t\t\t\t\t<\/div>\n\t\t\t\t<\/div>\n\t\t\t\t<div class=\"elementor-element elementor-element-2c3d0d0 elementor-widget elementor-widget-spacer\" data-id=\"2c3d0d0\" data-element_type=\"widget\" data-e-type=\"widget\" data-widget_type=\"spacer.default\">\n\t\t\t\t<div class=\"elementor-widget-container\">\n\t\t\t\t\t\t\t<div class=\"elementor-spacer\">\n\t\t\t<div class=\"elementor-spacer-inner\"><\/div>\n\t\t<\/div>\n\t\t\t\t\t\t<\/div>\n\t\t\t\t<\/div>\n\t\t\t\t<div class=\"elementor-element elementor-element-6beba7d elementor-widget elementor-widget-bridge_button\" data-id=\"6beba7d\" data-element_type=\"widget\" data-e-type=\"widget\" data-widget_type=\"bridge_button.default\">\n\t\t\t\t<div class=\"elementor-widget-container\">\n\t\t\t\t\t<a  itemprop=\"url\" href=\"\/site\/inscriptions-2026\/\" target=\"_self\"  class=\"qbutton  big_large default\" style=\"border-color: #D24C1000; \">INSCRIPTION 2026<\/a>\t\t\t\t<\/div>\n\t\t\t\t<\/div>\n\t\t\t\t<div class=\"elementor-element elementor-element-dda071c elementor-widget elementor-widget-bridge_button\" data-id=\"dda071c\" data-element_type=\"widget\" data-e-type=\"widget\" data-widget_type=\"bridge_button.default\">\n\t\t\t\t<div class=\"elementor-widget-container\">\n\t\t\t\t\t<a  itemprop=\"url\" href=\"\/site\/projet-creation-2026\/\" target=\"_self\"  class=\"qbutton  big_large default\" style=\"border-color: #D24C1000; \">PROJET DE CREATION 2026<\/a>\t\t\t\t<\/div>\n\t\t\t\t<\/div>\n\t\t\t\t<div class=\"elementor-element elementor-element-e1fbab6 elementor-widget elementor-widget-spacer\" data-id=\"e1fbab6\" data-element_type=\"widget\" data-e-type=\"widget\" data-widget_type=\"spacer.default\">\n\t\t\t\t<div class=\"elementor-widget-container\">\n\t\t\t\t\t\t\t<div class=\"elementor-spacer\">\n\t\t\t<div class=\"elementor-spacer-inner\"><\/div>\n\t\t<\/div>\n\t\t\t\t\t\t<\/div>\n\t\t\t\t<\/div>\n\t\t\t\t<div class=\"elementor-element elementor-element-3a5c548 elementor-widget__width-initial elementor-widget elementor-widget-video\" data-id=\"3a5c548\" data-element_type=\"widget\" data-e-type=\"widget\" data-settings=\"{&quot;video_type&quot;:&quot;hosted&quot;,&quot;autoplay&quot;:&quot;yes&quot;,&quot;play_on_mobile&quot;:&quot;yes&quot;,&quot;loop&quot;:&quot;yes&quot;}\" data-widget_type=\"video.default\">\n\t\t\t\t<div class=\"elementor-widget-container\">\n\t\t\t\t\t\t\t<div class=\"e-hosted-video elementor-wrapper elementor-open-inline\">\n\t\t\t\t\t<video class=\"elementor-video\" src=\"https:\/\/nyonmusique.ch\/site\/wp-content\/uploads\/2025\/12\/affiche_instagram_anim.mp4\" autoplay=\"\" loop=\"\" playsinline=\"\" controlsList=\"nodownload\"><\/video>\n\t\t\t\t<\/div>\n\t\t\t\t\t\t<\/div>\n\t\t\t\t<\/div>\n\t\t\t\t<div class=\"elementor-element elementor-element-4c1bac7 elementor-widget elementor-widget-spacer\" data-id=\"4c1bac7\" data-element_type=\"widget\" data-e-type=\"widget\" data-widget_type=\"spacer.default\">\n\t\t\t\t<div class=\"elementor-widget-container\">\n\t\t\t\t\t\t\t<div class=\"elementor-spacer\">\n\t\t\t<div class=\"elementor-spacer-inner\"><\/div>\n\t\t<\/div>\n\t\t\t\t\t\t<\/div>\n\t\t\t\t<\/div>\n\t\t\t\t<\/div>\n\t\t\t\t\t<\/div>\n\t\t\t\t<\/div>\n\t\t\t\t<\/div>\n\t\t","protected":false},"excerpt":{"rendered":"<p>BIENVENUE ! &#8230; avant le d\u00e9but de la f\u00eate! La F\u00eate de la Musique de Nyon aura lieu le samedi 20 juin 2026, et nous pr\u00e9parons une \u00e9dition riche, vari\u00e9e et ouverte \u00e0 toutes les sc\u00e8nes musicales. Les musiciennes et musiciens souhaitant se produire pour&#8230;<\/p>\n","protected":false},"author":1,"featured_media":0,"parent":0,"menu_order":0,"comment_status":"closed","ping_status":"open","template":"","meta":{"footnotes":""},"class_list":["post-14869","page","type-page","status-publish","hentry"],"yoast_head":"<!-- This site is optimized with the Yoast SEO plugin v27.6 - https:\/\/yoast.com\/product\/yoast-seo-wordpress\/ -->\n<title>Accueil - Site de l&#039;Association de la F\u00eate de la musique de Nyon<\/title>\n<meta name=\"robots\" content=\"index, follow, max-snippet:-1, max-image-preview:large, max-video-preview:-1\" \/>\n<link rel=\"canonical\" href=\"https:\/\/nyonmusique.ch\/site\/\" \/>\n<meta property=\"og:locale\" content=\"fr_FR\" \/>\n<meta property=\"og:type\" content=\"article\" \/>\n<meta property=\"og:title\" content=\"Accueil - Site de l&#039;Association de la F\u00eate de la musique de Nyon\" \/>\n<meta property=\"og:description\" content=\"BIENVENUE ! &#8230; avant le d\u00e9but de la f\u00eate! La F\u00eate de la Musique de Nyon aura lieu le samedi 20 juin 2026, et nous pr\u00e9parons une \u00e9dition riche, vari\u00e9e et ouverte \u00e0 toutes les sc\u00e8nes musicales. Les musiciennes et musiciens souhaitant se produire pour...\" \/>\n<meta property=\"og:url\" content=\"https:\/\/nyonmusique.ch\/site\/\" \/>\n<meta property=\"og:site_name\" content=\"Site de l&#039;Association de la F\u00eate de la musique de Nyon\" \/>\n<meta property=\"article:publisher\" content=\"https:\/\/www.facebook.com\/FeteDeLaMusiqueNyon\" \/>\n<meta property=\"article:modified_time\" content=\"2025-12-02T14:47:12+00:00\" \/>\n<meta property=\"og:image\" content=\"https:\/\/nyonmusique.ch\/site\/wp-content\/uploads\/2025\/12\/affiche_logo_inscriptions_2026.png\" \/>\n\t<meta property=\"og:image:width\" content=\"1080\" \/>\n\t<meta property=\"og:image:height\" content=\"927\" \/>\n\t<meta property=\"og:image:type\" content=\"image\/png\" \/>\n<meta name=\"twitter:card\" content=\"summary_large_image\" \/>\n<meta name=\"twitter:label1\" content=\"Dur\u00e9e de lecture estim\u00e9e\" \/>\n\t<meta name=\"twitter:data1\" content=\"1 minute\" \/>\n<script type=\"application\/ld+json\" class=\"yoast-schema-graph\">{\"@context\":\"https:\\\/\\\/schema.org\",\"@graph\":[{\"@type\":\"WebPage\",\"@id\":\"https:\\\/\\\/nyonmusique.ch\\\/site\\\/\",\"url\":\"https:\\\/\\\/nyonmusique.ch\\\/site\\\/\",\"name\":\"Accueil - Site de l&#039;Association de la F\u00eate de la musique de Nyon\",\"isPartOf\":{\"@id\":\"https:\\\/\\\/nyonmusique.ch\\\/site\\\/#website\"},\"primaryImageOfPage\":{\"@id\":\"https:\\\/\\\/nyonmusique.ch\\\/site\\\/#primaryimage\"},\"image\":{\"@id\":\"https:\\\/\\\/nyonmusique.ch\\\/site\\\/#primaryimage\"},\"thumbnailUrl\":\"https:\\\/\\\/nyonmusique.ch\\\/site\\\/wp-content\\\/uploads\\\/2025\\\/12\\\/affiche_logo_inscriptions_2026.png\",\"datePublished\":\"2014-05-20T07:51:11+00:00\",\"dateModified\":\"2025-12-02T14:47:12+00:00\",\"breadcrumb\":{\"@id\":\"https:\\\/\\\/nyonmusique.ch\\\/site\\\/#breadcrumb\"},\"inLanguage\":\"fr-FR\",\"potentialAction\":[{\"@type\":\"ReadAction\",\"target\":[\"https:\\\/\\\/nyonmusique.ch\\\/site\\\/\"]}]},{\"@type\":\"ImageObject\",\"inLanguage\":\"fr-FR\",\"@id\":\"https:\\\/\\\/nyonmusique.ch\\\/site\\\/#primaryimage\",\"url\":\"https:\\\/\\\/nyonmusique.ch\\\/site\\\/wp-content\\\/uploads\\\/2025\\\/12\\\/affiche_logo_inscriptions_2026.png\",\"contentUrl\":\"https:\\\/\\\/nyonmusique.ch\\\/site\\\/wp-content\\\/uploads\\\/2025\\\/12\\\/affiche_logo_inscriptions_2026.png\",\"width\":1080,\"height\":927},{\"@type\":\"BreadcrumbList\",\"@id\":\"https:\\\/\\\/nyonmusique.ch\\\/site\\\/#breadcrumb\",\"itemListElement\":[{\"@type\":\"ListItem\",\"position\":1,\"name\":\"Accueil\",\"item\":\"https:\\\/\\\/nyonmusique.ch\\\/site\\\/\"},{\"@type\":\"ListItem\",\"position\":2,\"name\":\"Accueil\"}]},{\"@type\":\"WebSite\",\"@id\":\"https:\\\/\\\/nyonmusique.ch\\\/site\\\/#website\",\"url\":\"https:\\\/\\\/nyonmusique.ch\\\/site\\\/\",\"name\":\"Site de l'Association de la F\u00eate de la musique de Nyon\",\"description\":\"Samedi 22 juin 2024 dans toute la ville de Nyon\",\"publisher\":{\"@id\":\"https:\\\/\\\/nyonmusique.ch\\\/site\\\/#organization\"},\"potentialAction\":[{\"@type\":\"SearchAction\",\"target\":{\"@type\":\"EntryPoint\",\"urlTemplate\":\"https:\\\/\\\/nyonmusique.ch\\\/site\\\/?s={search_term_string}\"},\"query-input\":{\"@type\":\"PropertyValueSpecification\",\"valueRequired\":true,\"valueName\":\"search_term_string\"}}],\"inLanguage\":\"fr-FR\"},{\"@type\":\"Organization\",\"@id\":\"https:\\\/\\\/nyonmusique.ch\\\/site\\\/#organization\",\"name\":\"Site de l'Association de la F\u00eate de la musique de Nyon\",\"url\":\"https:\\\/\\\/nyonmusique.ch\\\/site\\\/\",\"logo\":{\"@type\":\"ImageObject\",\"inLanguage\":\"fr-FR\",\"@id\":\"https:\\\/\\\/nyonmusique.ch\\\/site\\\/#\\\/schema\\\/logo\\\/image\\\/\",\"url\":\"https:\\\/\\\/nyonmusique.ch\\\/site\\\/wp-content\\\/uploads\\\/2024\\\/05\\\/Logo_FDLM_NYON_Couleur_RVB_300.png\",\"contentUrl\":\"https:\\\/\\\/nyonmusique.ch\\\/site\\\/wp-content\\\/uploads\\\/2024\\\/05\\\/Logo_FDLM_NYON_Couleur_RVB_300.png\",\"width\":300,\"height\":346,\"caption\":\"Site de l'Association de la F\u00eate de la musique de Nyon\"},\"image\":{\"@id\":\"https:\\\/\\\/nyonmusique.ch\\\/site\\\/#\\\/schema\\\/logo\\\/image\\\/\"},\"sameAs\":[\"https:\\\/\\\/www.facebook.com\\\/FeteDeLaMusiqueNyon\",\"https:\\\/\\\/www.instagram.com\\\/fetedelamusiquedenyon\\\/\"]}]}<\/script>\n<!-- \/ Yoast SEO plugin. -->","yoast_head_json":{"title":"Accueil - Site de l&#039;Association de la F\u00eate de la musique de Nyon","robots":{"index":"index","follow":"follow","max-snippet":"max-snippet:-1","max-image-preview":"max-image-preview:large","max-video-preview":"max-video-preview:-1"},"canonical":"https:\/\/nyonmusique.ch\/site\/","og_locale":"fr_FR","og_type":"article","og_title":"Accueil - Site de l&#039;Association de la F\u00eate de la musique de Nyon","og_description":"BIENVENUE ! &#8230; avant le d\u00e9but de la f\u00eate! La F\u00eate de la Musique de Nyon aura lieu le samedi 20 juin 2026, et nous pr\u00e9parons une \u00e9dition riche, vari\u00e9e et ouverte \u00e0 toutes les sc\u00e8nes musicales. Les musiciennes et musiciens souhaitant se produire pour...","og_url":"https:\/\/nyonmusique.ch\/site\/","og_site_name":"Site de l&#039;Association de la F\u00eate de la musique de Nyon","article_publisher":"https:\/\/www.facebook.com\/FeteDeLaMusiqueNyon","article_modified_time":"2025-12-02T14:47:12+00:00","og_image":[{"width":1080,"height":927,"url":"https:\/\/nyonmusique.ch\/site\/wp-content\/uploads\/2025\/12\/affiche_logo_inscriptions_2026.png","type":"image\/png"}],"twitter_card":"summary_large_image","twitter_misc":{"Dur\u00e9e de lecture estim\u00e9e":"1 minute"},"schema":{"@context":"https:\/\/schema.org","@graph":[{"@type":"WebPage","@id":"https:\/\/nyonmusique.ch\/site\/","url":"https:\/\/nyonmusique.ch\/site\/","name":"Accueil - Site de l&#039;Association de la F\u00eate de la musique de Nyon","isPartOf":{"@id":"https:\/\/nyonmusique.ch\/site\/#website"},"primaryImageOfPage":{"@id":"https:\/\/nyonmusique.ch\/site\/#primaryimage"},"image":{"@id":"https:\/\/nyonmusique.ch\/site\/#primaryimage"},"thumbnailUrl":"https:\/\/nyonmusique.ch\/site\/wp-content\/uploads\/2025\/12\/affiche_logo_inscriptions_2026.png","datePublished":"2014-05-20T07:51:11+00:00","dateModified":"2025-12-02T14:47:12+00:00","breadcrumb":{"@id":"https:\/\/nyonmusique.ch\/site\/#breadcrumb"},"inLanguage":"fr-FR","potentialAction":[{"@type":"ReadAction","target":["https:\/\/nyonmusique.ch\/site\/"]}]},{"@type":"ImageObject","inLanguage":"fr-FR","@id":"https:\/\/nyonmusique.ch\/site\/#primaryimage","url":"https:\/\/nyonmusique.ch\/site\/wp-content\/uploads\/2025\/12\/affiche_logo_inscriptions_2026.png","contentUrl":"https:\/\/nyonmusique.ch\/site\/wp-content\/uploads\/2025\/12\/affiche_logo_inscriptions_2026.png","width":1080,"height":927},{"@type":"BreadcrumbList","@id":"https:\/\/nyonmusique.ch\/site\/#breadcrumb","itemListElement":[{"@type":"ListItem","position":1,"name":"Accueil","item":"https:\/\/nyonmusique.ch\/site\/"},{"@type":"ListItem","position":2,"name":"Accueil"}]},{"@type":"WebSite","@id":"https:\/\/nyonmusique.ch\/site\/#website","url":"https:\/\/nyonmusique.ch\/site\/","name":"Site de l'Association de la F\u00eate de la musique de Nyon","description":"Samedi 22 juin 2024 dans toute la ville de Nyon","publisher":{"@id":"https:\/\/nyonmusique.ch\/site\/#organization"},"potentialAction":[{"@type":"SearchAction","target":{"@type":"EntryPoint","urlTemplate":"https:\/\/nyonmusique.ch\/site\/?s={search_term_string}"},"query-input":{"@type":"PropertyValueSpecification","valueRequired":true,"valueName":"search_term_string"}}],"inLanguage":"fr-FR"},{"@type":"Organization","@id":"https:\/\/nyonmusique.ch\/site\/#organization","name":"Site de l'Association de la F\u00eate de la musique de Nyon","url":"https:\/\/nyonmusique.ch\/site\/","logo":{"@type":"ImageObject","inLanguage":"fr-FR","@id":"https:\/\/nyonmusique.ch\/site\/#\/schema\/logo\/image\/","url":"https:\/\/nyonmusique.ch\/site\/wp-content\/uploads\/2024\/05\/Logo_FDLM_NYON_Couleur_RVB_300.png","contentUrl":"https:\/\/nyonmusique.ch\/site\/wp-content\/uploads\/2024\/05\/Logo_FDLM_NYON_Couleur_RVB_300.png","width":300,"height":346,"caption":"Site de l'Association de la F\u00eate de la musique de Nyon"},"image":{"@id":"https:\/\/nyonmusique.ch\/site\/#\/schema\/logo\/image\/"},"sameAs":["https:\/\/www.facebook.com\/FeteDeLaMusiqueNyon","https:\/\/www.instagram.com\/fetedelamusiquedenyon\/"]}]}},"_links":{"self":[{"href":"https:\/\/nyonmusique.ch\/site\/wp-json\/wp\/v2\/pages\/14869","targetHints":{"allow":["GET"]}}],"collection":[{"href":"https:\/\/nyonmusique.ch\/site\/wp-json\/wp\/v2\/pages"}],"about":[{"href":"https:\/\/nyonmusique.ch\/site\/wp-json\/wp\/v2\/types\/page"}],"author":[{"embeddable":true,"href":"https:\/\/nyonmusique.ch\/site\/wp-json\/wp\/v2\/users\/1"}],"replies":[{"embeddable":true,"href":"https:\/\/nyonmusique.ch\/site\/wp-json\/wp\/v2\/comments?post=14869"}],"version-history":[{"count":496,"href":"https:\/\/nyonmusique.ch\/site\/wp-json\/wp\/v2\/pages\/14869\/revisions"}],"predecessor-version":[{"id":20758,"href":"https:\/\/nyonmusique.ch\/site\/wp-json\/wp\/v2\/pages\/14869\/revisions\/20758"}],"wp:attachment":[{"href":"https:\/\/nyonmusique.ch\/site\/wp-json\/wp\/v2\/media?parent=14869"}],"curies":[{"name":"wp","href":"https:\/\/api.w.org\/{rel}","templated":true}]}}